{"id":170,"date":"2019-02-23T17:20:32","date_gmt":"2019-02-23T17:20:32","guid":{"rendered":"http:\/\/neu.pondera.at\/?page_id=170"},"modified":"2019-03-02T11:50:57","modified_gmt":"2019-03-02T10:50:57","slug":"impressum","status":"publish","type":"page","link":"https:\/\/www.pondera.at\/?page_id=170","title":{"rendered":"Impressum"},"content":{"rendered":"\n<h3 class=\"wp-block-heading\">Allgemeine Informationen gem\u00e4\u00df \u00a7 5 E-commerce-Gesetz ECG<\/h3>\n\n\n\n<p style=\"color:#804c15\" class=\"has-text-color\">Gemeinn\u00fctziger Verein nach Vereinsgesetz 2002<\/p>\n\n\n\n<table class=\"wp-block-table is-style-stripes\"><tbody><tr><td> Vereinsname: <\/td><td> Pondera &#8211; Therapeutisches Reiten und Voltigieren <\/td><\/tr><tr><td> Obfrau:<\/td><td> Monika Simader-H\u00f6randner <\/td><\/tr><tr><td> Standort: <\/td><td> 4971 Aurolzm\u00fcnster, Maria Aich 2 <\/td><\/tr><tr><td> Telefon: <\/td><td> + 43 (0664) 91 19 690 <\/td><\/tr><tr><td> E-Mail:\u00a0 <\/td><td> office@pondera.at <\/td><\/tr><tr><td> Bank <\/td><td>www.pondera.at Raiba Region Ried im Innkreis <\/td><\/tr><tr><td>IBAN:<\/td><td> AT85 3445 0000 0222 3899 <\/td><\/tr><tr><td>BIC:<\/td><td><\/td><\/tr><tr><td>ZVR-Nr.<\/td><td> 607921631 <\/td><\/tr><\/tbody><\/table>\n\n\n\n<h3 class=\"wp-block-heading\">Haftungsausschluss<\/h3>\n\n\n\n<p style=\"color:#804c15\" class=\"has-text-color\">Unsere Seiten enthalten Links auf externe Webseiten Dritter. Auf die \nInhalte dieser verlinkten Webseiten haben wir keinen Einfluss. F\u00fcr die \nRichtigkeit der Inhalte ist immer der jeweilige Anbieter oder Betreiber \nverantwortlich, weshalb wir diesbez\u00fcglich keinerlei Gew\u00e4hr \u00fcbernehmen.<br>Die\n fremden Webseiten haben wir zum Zeitpunkt der Verlinkung auf m\u00f6gliche \nRechtsverst\u00f6\u00dfe \u00fcberpr\u00fcft. Zum Zeitpunkt der Verlinkung waren keinerlei \nRechtsverletzungen erkennbar. Eine st\u00e4ndige \u00dcberpr\u00fcfung s\u00e4mtlicher \nInhalte der von uns verlinkten Seiten ohne tats\u00e4chliche Anhaltspunkte \nf\u00fcr einen Rechtsversto\u00df k\u00f6nnen wir nicht leisten. Falls uns \nRechtsverletzungen bekannt werden, werden wir die entsprechenden Links \nsofort entfernen.<\/p>\n","protected":false},"excerpt":{"rendered":"<p>Allgemeine Informationen gem\u00e4\u00df \u00a7 5 E-commerce-Gesetz ECG Gemeinn\u00fctziger Verein nach Vereinsgesetz 2002 Vereinsname: Pondera &#8211; Therapeutisches Reiten und Voltigieren Obfrau: Monika Simader-H\u00f6randner Standort: 4971 Aurolzm\u00fcnster, Maria Aich 2 Telefon: + 43 (0664) 91 19 690 E-Mail:\u00a0 office@pondera.at Bank www.pondera.at Raiba Region Ried im Innkreis IBAN: AT85 3445 0000 0222 3899 BIC: ZVR-Nr. 607921631 Haftungsausschluss Unsere Seiten enthalten Links auf externe Webseiten Dritter. Auf die Inhalte dieser verlinkten Webseiten haben wir keinen Einfluss. F\u00fcr die Richtigkeit der Inhalte ist immer der&#8230;<\/p>\n<p class=\"read-more\"><a class=\"btn btn-default\" href=\"https:\/\/www.pondera.at\/?page_id=170\">Weiterlesen<span class=\"screen-reader-text\"> Weiterlesen<\/span><\/a><\/p>\n","protected":false},"author":1,"featured_media":0,"parent":79,"menu_order":0,"comment_status":"closed","ping_status":"closed","template":"","meta":{"footnotes":""},"class_list":["post-170","page","type-page","status-publish","hentry"],"_links":{"self":[{"href":"https:\/\/www.pondera.at\/index.php?rest_route=\/wp\/v2\/pages\/170","targetHints":{"allow":["GET"]}}],"collection":[{"href":"https:\/\/www.pondera.at\/index.php?rest_route=\/wp\/v2\/pages"}],"about":[{"href":"https:\/\/www.pondera.at\/index.php?rest_route=\/wp\/v2\/types\/page"}],"author":[{"embeddable":true,"href":"https:\/\/www.pondera.at\/index.php?rest_route=\/wp\/v2\/users\/1"}],"replies":[{"embeddable":true,"href":"https:\/\/www.pondera.at\/index.php?rest_route=%2Fwp%2Fv2%2Fcomments&post=170"}],"version-history":[{"count":3,"href":"https:\/\/www.pondera.at\/index.php?rest_route=\/wp\/v2\/pages\/170\/revisions"}],"predecessor-version":[{"id":265,"href":"https:\/\/www.pondera.at\/index.php?rest_route=\/wp\/v2\/pages\/170\/revisions\/265"}],"up":[{"embeddable":true,"href":"https:\/\/www.pondera.at\/index.php?rest_route=\/wp\/v2\/pages\/79"}],"wp:attachment":[{"href":"https:\/\/www.pondera.at\/index.php?rest_route=%2Fwp%2Fv2%2Fmedia&parent=170"}],"curies":[{"name":"wp","href":"https:\/\/api.w.org\/{rel}","templated":true}]}}